ivided by 15.
12
Let o = -3 + 10. Let f = -18 - -36. What is the remainder when f is divided by o?
4
Let j = 31 - 20. Suppose -p = -j - 1. What is the remainder when 34 is divided by p?
10
Suppose 22*k - 30 = 17*k. Calculate the remainder when 11 is divided by k.
5
Suppose -j = -4, 0 = -5*q + 4*q + 5*j - 16. Suppose -l + 6*l = 90. Calculate the remainder when q/l - 266/(-18) is divided by 8.
7
Let l = 16 + -2. What is the remainder when 38 is divided by l?
10
Let l be (-2 - 153/(-12))*4. Let b = -6 + l. What is the remainder when b is divided by (-12)/8*52/(-6)?
11
Suppose -s = 4*c + 4*s - 29, -4*s = -4. Suppose -4*u + 74 = -5*b - 0*b, 0 = 5*b + 10. Calculate the remainder when 28 + (-4)/c*-3 is divided by u.
14
Suppose 2*s - 20 = -0*x - x, 0 = 5*s - x - 57. Suppose 2*o - s = o. Suppose -5*z - 7 = -3*q, 2*z + 2*z = q. What is the remainder when o is divided by q?
3
What is the remainder when 63 is divided by (14/42)/(2/66)?
8
Suppose -2*g + 3 = -3. Let c = 6 + g. What is the remainder when 16 is divided by c?
7
Let o = -3 - -6. Suppose -m + 3*m - o*h + 14 = 0, 5*m - h + 9 = 0. What is the remainder when (-2)/(-4)*(m - -63) is divided by 11?
9
Calculate the remainder when (-6651)/(-63) - 3/(-7) is divided by 22.
18
Suppose 2 = 5*z + s - 148, 3*z - 118 = 5*s. Let w = 10 + -2. Calculate the remainder when z is divided by w.
7
Let b(p) = p**2 - 5*p + 7. Let o = 22 + -18. What is the remainder when 4 is divided by b(o)?
1
Let o(m) be the first derivative of 3*m**2/2 - m + 1. Calculate the remainder when 32 is divided by o(4).
10
Suppose 2*u = -3*o + 39, -4*o + 66 = -6*u + 4*u. Let j(h) = h**3 - 14*h**2 + 14*h - 5. What is the remainder when o is divided by j(13)?
7
Let x(k) = 4*k. Let o be x(-2). Let t = o + 12. What is the remainder when (-24)/9*(-15)/4 is divided by t?
2
Let l(s) be the first derivative of -3*s**2 - 1. Let r = 14 + -7. What is the remainder when l(-2) is divided by r?
5
Let v(q) = -7*q + 1. Let z be v(-3). Suppose -z = -0*o - o. What is the remainder when o is divided by 12?
10
Let k = -12 + 7. Suppose 2*s + 4*t + 508 = -0*s, 0 = -5*s - 5*t - 1265. Calculate the remainder when 6/(-15) + s/k is divided by 17.
16
Let h(p) = 2*p**3 + 2*p**2 - 3*p**3 - p + 0*p**3. Calculate the remainder when h(-2) is divided by 5.
3
Let n(w) = -w**2 - w + 2. Let j be n(-5). Calculate the remainder when (40/(-12))/(2/j) is divided by 11.
8
Let f be 120/3 + (2 - 2). Suppose 5*t = 5*x - 50, x + t - f = -4*t. Calculate the remainder when x is divided by 8.
7
Let n(u) = 3*u + 2. Let i(l) be the third derivative of l**4/12 - l**3/2 + 3*l**2. Let z be i(3). Calculate the remainder when 20 is divided by n(z).
9
Suppose 4*k - 2*a - 36 = 0, 1 = 2*k - 2*a - 13. Let d(t) = -5*t + 46. What is the remainder when k is divided by d(8)?
5
Suppose 5*w - 43 = s, -51 = 2*s - 3*w - 0*w. Let y = -10 - s. Suppose 0 + 13 = q. What is the remainder when q is divided by y?
5
Let t = 67 + -23. Let d(g) = -11*g + 3. Let i be d(-6). Suppose 4*s - 3*c - 51 = 0, 0*c - 2*c = -5*s + i. Calculate the remainder when t is divided by s.
14
Let h(s) be the third derivative of -s**4/8 + s**3/3 + 2*s**2. Let w be h(4). Calculate the remainder when 23 is divided by w/(-3)*(-54)/(-15).
11
Suppose -5*i = 54 + 236. Let x = -38 - i. Suppose -3*a + 178 = 4*r, -r - 5*a = -x - 33. Calculate the remainder when r is divided by 15.
13
Let n = -34 - -48. What is the remainder when 25 is divided by n?
11
Let p(b) = b**3 + 4*b**2 + 2*b + 24. Calculate the remainder when 68 is divided by p(0).
20
Let l = -2 + 8. What is the remainder when l is divided by 3?
0
Let o be 14/8 + (-21)/28. Let a = o + 1. What is the remainder when (-578)/(-14) + a/(-7) is divided by 11?
8
Let a = 4 + -1. Suppose -3*v = -4*v + a. What is the remainder when v is divided by 3?
0
Let q(p) = -p**2 - 6*p + 2. Let g be q(-6). Suppose 0 = 2*u - 4*w - g, -3*u - 2*w = -0*w - 19. What is the remainder when u - 0/((-9)/(-3)) is divided by 2?
1
What is the remainder when (145/25 - 5)*95/2 is divided by 6?
2
Let w = 67 - 56. Calculate the remainder when 51 is divided by w.
7
Suppose 8*m - 75 = 5*m. What is the remainder when m is divided by 11?
3
Suppose -14 = -4*s + 6. Suppose s*v - 60 = 2*z, -z + 3 = 2*v - 12. Let n = 5 + -1. Calculate the remainder when v is divided by n.
2
Suppose -n + 2 = -0. Suppose 0*t - 2*t = -2*b + 2, n*t = b + 3. What is the remainder when t is divided by 2?
0
Let k = 3 - 3. Suppose -2*v + 17 + 5 = k. What is the remainder when 20 is divided by v?
9
Let h = 0 + 2. Let d = 5 - h. Suppose -5*i = -3*n + 72, 5*n + 2*i + d*i - 160 = 0. Calculate the remainder when n is divided by 15.
14
Suppose 0 = c - 3, 3*u - 6 = -2*c + 5*c. Suppose a - 1 = -u*p, 7*a - 3*p = 2*a + 33. What is the remainder when (-1)/(2/(-34)*1) is divided by a?
5
Suppose 133 = 8*n - n. Calculate the remainder when 34 is divided by n.
15
What is the remainder when 2/(-5) - 134/(-10) is divided by (-546)/(-112) - ((-15)/24)/5?
3
Let z(l) = -3*l**3 - l - 1. Let n be z(-2). Suppose -5*k + n = 10. Suppose -4*r + 4 = -k*r. What is the remainder when 10 is divided by r?
2
Let m = 34 + -26. Calculate the remainder when 30 is divided by m.
6
Let y be (5/(-10))/((-2)/(-16)). Calculate the remainder when 71 is divided by 27/((-9)/24*y).
17
Suppose 9*t = 189 - 0. What is the remainder when t is divided by 5?
1
Let x(n) = -2*n - 3. Let r be x(-3). Let c = 21 + r. Calculate the remainder when c is divided by 13.
11
Let b be (2 + -1)/(1/79). Suppose d - b = -30. Calculate the remainder when d is divided by 13.
10
Let y be (-33)/(-77) + 382/7. Let b = y + -20. Calculate the remainder when b is divided by 19.
16
Let m(j) = j**3 + 6*j**2 + 3*j + 7. Let l(o) = o**3 - 5*o**2 + 4*o + 2. Let w be l(4). Suppose -10 = -2*s + w. What is the remainder when m(-5) is divided by s?
5
Let y be (-85)/(-20) + 6/8. Suppose 4*q - 454 + 114 = -4*n, -3*n + y*q + 287 = 0. Calculate the remainder when n is divided by 23.
20
Let r = 12 - 8. Calculate the remainder when 226/r - 9/(-6) is divided by 12.
10
Let n be (2 + 0)/((-20)/(-190)). Suppose o + 3*g = 16, -2*o = -5*g + n + 4. What is the remainder when 5 is divided by o?
0
Suppose -5*a - 2*l - 3 = l, l = 5*a - 1. Suppose -p + a*p = 18. Let s = -5 - p. What is the remainder when 38 is divided by s?
12
Let z = -5 + 8. Calculate the remainder when 9 + -6 + -10*(-2)/4 is divided by z.
2
Let f(l) = -l**2 + 9*l - 6. Suppose 3*g - 1 = -4*w, 3*g - 6 = -w + 10. Calculate the remainder when f(g) is divided by 3.
2
Suppose 4*g - 65 = 83. Calculate the remainder when 144 is divided by g.
33
Calculate the remainder when 38 is divided by (-264)/(-26) - 2/13.
8
Let d(c) = 3*c**3 + 3*c**2 - 2*c. What is the remainder when d(2) is divided by 11 - (1 - 4) - -3?
15
Suppose -2*z = 2*a + 94, -141 = 3*z - 0*a - 2*a. Let s = z + 144. Calculate the remainder when s is divided by 25.
22
Let m = 63 + -37. Calculate the remainder when m is divided by 15.
11
Suppose -231 = 2*p - 7*p + 4*y, 3*y = 3. Calculate the remainder when p is divided by 13.
8
Let w be 346/14 + 4/14. Suppose 0 = -h + w + 10. Suppose -5*d = -9*d + 48. Calculate the remainder when h is divided by d.
11
Let g(d) = -d**3 - 4*d**2 - 5*d - 2. Suppose 5*b + 35 = -3*o + 1, 2*o + b + 11 = 0. What is the remainder when g(o) is divided by 2?
0
Let r(g) = -g**2 - 2. Let f be r(0). Let u be 2 + 0 + -1 + f. Calculate the remainder when 38 is divided by 15 - -1 - u - -3.
18
Let p = -6 - -11. Suppose -p*i = -n - 8, 3*i - n + 4 = 10. Suppose -2*k + 14 = -5*d, -2*k + 0 = -d - 6. Calculate the remainder when k is divided by i.
0
Let i = 89 - 87. Calculate the remainder when i is divided by 2.
0
Suppose 3*z - h = 63 + 28, 3*z = -h + 83. Suppose -2*c + 22 = 2*j - 4*c, -5*j - 3*c + 31 = 0. Calculate the remainder when z is divided by j.
5
Let f = -68 - -143. Calculate the remainder when f is divided by 19.
18
Let w(p) = 135*p + 2. Let m be w(2). Let k = -3 + 2. Calculate the remainder when m/12 + k/(-3) is divided by 8.
7
Let v = 36 - 22. Calculate the remainder when v is divided by 6.
2
Calculate the remainder when (-101)/(-4) - (-6)/8 is divided by 6.
2
Let z(r) = r**2 - 4. Let v be z(3). Suppose 60 = v*a - 5*c, -2*c = 4*a + 3*c - 84. What is the remainder when a is divided by 9?
7
Let n(z) = z**2 - 5*z 